{"id":7,"date":"2026-01-16T10:28:00","date_gmt":"2026-01-16T10:28:00","guid":{"rendered":"https:\/\/nifty-aryabhata.5-250-184-183.plesk.page\/index.php\/inicio\/"},"modified":"2026-03-12T10:22:56","modified_gmt":"2026-03-12T10:22:56","slug":"inicio","status":"publish","type":"page","link":"https:\/\/nifty-aryabhata.5-250-184-183.plesk.page\/","title":{"rendered":"Inicio"},"content":{"rendered":"<section class=\"l-section wpb_row us_custom_7a9972ae height_auto full_height valign_center width_full with_img\"><div class=\"l-section-img\" role=\"img\" aria-label=\"Imagen\" data-img-width=\"1671\" data-img-height=\"942\" style=\"background-image: url(https:\/\/nifty-aryabhata.5-250-184-183.plesk.page\/wp-content\/uploads\/2026\/01\/9d3a81_2c714a38a9124f3094f5f4db2b82503amv2.avif);background-repeat: no-repeat;\"><\/div><div class=\"l-section-h i-cf\"><div class=\"g-cols vc_row via_grid cols_1 laptops-cols_inherit tablets-cols_inherit mobiles-cols_1 valign_top type_default stacking_default\" style=\"--columns-gap:0rem;\"><div class=\"wpb_column vc_column_container\"><div class=\"vc_column-inner\"><div class=\"w-separator size_custom\" style=\"height:450PX\"><\/div>[vc_custom_heading text=\u00bbPROYECTO\u00bb font_container=\u00bbtag:h1|text_align:center|color:%23FFFFFF\u00bb use_theme_fonts=\u00bbyes\u00bb css=\u00bb%7B%22default%22%3A%7B%22font-size%22%3A%2242px%22%2C%22letter-spacing%22%3A%2215px%22%7D%7D\u00bb]<div class=\"g-cols wpb_row via_grid cols_1-2-1 laptops-cols_inherit tablets-cols_inherit mobiles-cols_1 valign_top type_default stacking_default\" style=\"--columns-gap:3rem;\"><div class=\"wpb_column vc_column_container\"><div class=\"vc_column-inner\"><\/div><\/div><div class=\"wpb_column vc_column_container\"><div class=\"vc_column-inner\"><div class=\"wpb_text_column us_custom_6df4bc3a has_text_color\"><div class=\"wpb_wrapper\"><div id=\"comp-kz2wstpp\" class=\"Z_l5lU ku3DBC zQ9jDz qvSjx3 Vq6kJx comp-kz2wstpp wixui-rich-text\" data-testid=\"richTextElement\">\n<p class=\"font_8 wixui-rich-text__text\"><span class=\"color_36 wixui-rich-text__text\"><span class=\"wixui-rich-text__text\">Un concepto de enoturismo de calidad con la recuperaci\u00f3n hist\u00f3rica de una cueva natural. Este es el punto de partida de un proyecto hist\u00f3rico art\u00edstico enfocado en el\u00a0 vino, el arte y la gastronom\u00eda \u00a0<\/span><\/span><span class=\"color_36 wixui-rich-text__text\"><span class=\"wixui-rich-text__text\">en Hond\u00f3n de las Nieves.<\/span><\/span><\/p>\n<\/div>\n<\/div><\/div><div class=\"w-btn-wrapper align_center\"><a class=\"w-btn us-btn-style_2\" href=\"#\"><span class=\"w-btn-label\">CON\u00d3CENOS<\/span><\/a><\/div><\/div><\/div><div class=\"wpb_column vc_column_container\"><div class=\"vc_column-inner\"><\/div><\/div><\/div><\/div><\/div><\/div><\/div><\/section><section class=\"l-section wpb_row height_auto width_full\"><div class=\"l-section-h i-cf\"><div class=\"g-cols vc_row via_grid cols_2 laptops-cols_inherit tablets-cols_inherit mobiles-cols_1 valign_middle type_default stacking_default\" style=\"--columns-gap:0rem;\"><div class=\"wpb_column vc_column_container us_custom_e0cd3d02 has_bg_color\"><div class=\"vc_column-inner\"><\/div><\/div><div class=\"wpb_column vc_column_container us_custom_2fd9cfbc has_bg_color\"><div class=\"vc_column-inner\">[vc_custom_heading text=\u00bbVINOS\u00bb font_container=\u00bbtag:h1|text_align:center|color:%23FFFFFF\u00bb use_theme_fonts=\u00bbyes\u00bb css=\u00bb%7B%22default%22%3A%7B%22font-size%22%3A%2242px%22%2C%22letter-spacing%22%3A%2215px%22%7D%7D\u00bb]<div class=\"wpb_text_column us_custom_6df4bc3a has_text_color\"><div class=\"wpb_wrapper\"><p>Recuperamos conceptos de ayer para elaborar vinos con alma de hoy. Vinos con denomicaci\u00f3n de Origen Mediterraneo.<\/p>\n<\/div><\/div><div class=\"w-separator size_large\"><\/div><div class=\"w-btn-wrapper align_center\"><a class=\"w-btn us-btn-style_2\" href=\"#\"><span class=\"w-btn-label\">DISFRUTALOS<\/span><\/a><\/div><\/div><\/div><\/div><\/div><\/section><section class=\"l-section wpb_row height_auto width_full\"><div class=\"l-section-h i-cf\"><div class=\"g-cols vc_row via_grid cols_2 laptops-cols_inherit tablets-cols_inherit mobiles-cols_1 valign_middle type_default stacking_default\" style=\"--columns-gap:0rem;\"><div class=\"wpb_column vc_column_container us_custom_0acc43f2 has_bg_color\"><div class=\"vc_column-inner\">[vc_custom_heading text=\u00bbENOTURISMO\u00bb font_container=\u00bbtag:h1|text_align:center|color:%23FFFFFF\u00bb use_theme_fonts=\u00bbyes\u00bb css=\u00bb%7B%22default%22%3A%7B%22font-size%22%3A%2242px%22%2C%22letter-spacing%22%3A%2215px%22%7D%7D\u00bb]<div class=\"wpb_text_column us_custom_6df4bc3a has_text_color\"><div class=\"wpb_wrapper\"><p>Apostamos por un enoturismo de calidad, ofreciendo experiencias inolvidables, con vinos propios y productos locales. Un equipo especializado os llevara a disfrutar de un momento \u00fanico.<\/p>\n<\/div><\/div><div class=\"w-separator size_large\"><\/div><div class=\"w-btn-wrapper align_center\"><a class=\"w-btn us-btn-style_2\" href=\"#\"><span class=\"w-btn-label\">DESCUBRENOS<\/span><\/a><\/div><\/div><\/div><div class=\"wpb_column vc_column_container us_custom_047269ec has_bg_color\"><div class=\"vc_column-inner\"><\/div><\/div><\/div><\/div><\/section><section class=\"l-section wpb_row us_custom_f9876636 height_auto\"><div class=\"l-section-h i-cf\"><div class=\"g-cols vc_row via_grid cols_3 laptops-cols_inherit tablets-cols_inherit mobiles-cols_1 valign_top type_default stacking_default\" style=\"--columns-gap:1rem;\"><div class=\"wpb_column vc_column_container us_custom_8a398476\"><div class=\"vc_column-inner\"><div class=\"w-iconbox us_custom_6df4bc3a has_text_color iconpos_top style_default color_primary align_center icontype_img\"><div class=\"w-iconbox-icon\" style=\"font-size:4rem;\"><img loading=\"lazy\" decoding=\"async\" width=\"63\" height=\"63\" src=\"https:\/\/nifty-aryabhata.5-250-184-183.plesk.page\/wp-content\/uploads\/2026\/01\/bodega-white.avif\" class=\"attachment-full size-full\" alt=\"\" \/><\/div><div class=\"w-iconbox-meta\"><h4 class=\"w-iconbox-title\">Disponibilidad<\/h4><div class=\"w-iconbox-text\"><p>\u00a1Estais deseando venir, lo sabemos! Por ahora solo ofrecemos visitas previamente concertadas los viernes, s\u00e1bados y domingos.<\/p>\n<p>\u00abTranqui@s, lo bueno se hace esperar\u00bb<\/p>\n<\/div><\/div><\/div><\/div><\/div><div class=\"wpb_column vc_column_container us_custom_8a398476\"><div class=\"vc_column-inner\"><div class=\"w-iconbox us_custom_6df4bc3a has_text_color iconpos_top style_default color_primary align_center icontype_img\"><div class=\"w-iconbox-icon\" style=\"font-size:4rem;\"><img loading=\"lazy\" decoding=\"async\" width=\"63\" height=\"63\" src=\"https:\/\/nifty-aryabhata.5-250-184-183.plesk.page\/wp-content\/uploads\/2026\/01\/llamar.avif\" class=\"attachment-full size-full\" alt=\"\" \/><\/div><div class=\"w-iconbox-meta\"><h4 class=\"w-iconbox-title\">\u00bfTienes dudas?<\/h4><div class=\"w-iconbox-text\"><p>Para cualquier duda o consulta puedes llamarnos al 722 588 075 de 9h. a 21h. de Lunes a Viernes o, escribirnos a hola@lacuevadebaco.com<\/p>\n<\/div><\/div><\/div><\/div><\/div><div class=\"wpb_column vc_column_container us_custom_8a398476\"><div class=\"vc_column-inner\"><div class=\"w-iconbox us_custom_6df4bc3a has_text_color iconpos_top style_default color_primary align_center icontype_img\"><div class=\"w-iconbox-icon\" style=\"font-size:4rem;\"><img loading=\"lazy\" decoding=\"async\" width=\"63\" height=\"63\" src=\"https:\/\/nifty-aryabhata.5-250-184-183.plesk.page\/wp-content\/uploads\/2026\/01\/cartera.avif\" class=\"attachment-full size-full\" alt=\"\" \/><\/div><div class=\"w-iconbox-meta\"><h4 class=\"w-iconbox-title\">Pago Seguro<\/h4><div class=\"w-iconbox-text\"><p>Queremos que esteis seguros, por eso te damos la seguridad de hacer el pago de tu reserva mediante BIZUM. En nuestras instalaciones podr\u00e1 pagar en efectivo o con tarjeta de credito.<\/p>\n<\/div><\/div><\/div><\/div><\/div><\/div><\/div><\/section><section class=\"l-section wpb_row us_custom_5ece49d9 height_auto\"><div class=\"l-section-h i-cf\"><div class=\"g-cols vc_row via_grid cols_3 laptops-cols_inherit tablets-cols_inherit mobiles-cols_1 valign_top type_default stacking_default\" style=\"--columns-gap:0.3rem;\"><div class=\"wpb_column vc_column_container us_custom_8a398476\"><div class=\"vc_column-inner\">[vc_custom_heading text=\u00bbLOCALIZACI\u00d3N\u00bb font_container=\u00bbtag:h4|text_align:center|color:%23FFFFFF\u00bb use_theme_fonts=\u00bbyes\u00bb]<div class=\"wpb_text_column us_custom_6df4bc3a has_text_color\"><div class=\"wpb_wrapper\"><p style=\"text-align: center;\">C\/ Cuevas Norte n\u00ba 48<\/p>\n<p style=\"text-align: center;\">Hond\u00f3n de las Nieves<\/p>\n<p style=\"text-align: center;\">03688 &#8211; Alicante &#8211; Espa\u00f1a<\/p>\n<\/div><\/div><\/div><\/div><div class=\"wpb_column vc_column_container us_custom_8a398476\"><div class=\"vc_column-inner\">[vc_custom_heading text=\u00bbAVISOS\u00bb font_container=\u00bbtag:h4|text_align:center|color:%23FFFFFF\u00bb use_theme_fonts=\u00bbyes\u00bb]<nav class=\"w-menu us_custom_d44d8758 has_text_color layout_ver style_links us_menu_1\" style=\"--main-gap:0.7rem;--main-ver-indent:0.8em;--main-hor-indent:0.8em;--main-color:inherit;\"><ul id=\"menu-menu-avisos\" class=\"menu\"><li id=\"menu-item-68\" class=\"menu-item menu-item-type-custom menu-item-object-custom menu-item-68\"><a href=\"#\">AVISO LEGAL<\/a><\/li><li id=\"menu-item-69\" class=\"menu-item menu-item-type-custom menu-item-object-custom menu-item-69\"><a href=\"#\">POLITICA DE COOKIES<\/a><\/li><li id=\"menu-item-70\" class=\"menu-item menu-item-type-custom menu-item-object-custom menu-item-70\"><a href=\"#\">POLITICA DE PRIVACIDAD<\/a><\/li><li id=\"menu-item-71\" class=\"menu-item menu-item-type-custom menu-item-object-custom menu-item-71\"><a href=\"#\">PREGUNTAS FRECUENTES<\/a><\/li><li id=\"menu-item-72\" class=\"menu-item menu-item-type-custom menu-item-object-custom menu-item-72\"><a href=\"#\">CONDICIONES DE CANCELACI\u00d3N<\/a><\/li><\/ul><style>@media ( max-width:600px ){.us_menu_1 .menu{display:block!important}.us_menu_1 .menu>li{margin:0 0 var(--main-gap,0.7rem)!important}}<\/style><\/nav><\/div><\/div><div class=\"wpb_column vc_column_container us_custom_8a398476\"><div class=\"vc_column-inner\">[vc_custom_heading text=\u00bbCONTACTO\u00bb font_container=\u00bbtag:h4|text_align:center|color:%23FFFFFF\u00bb use_theme_fonts=\u00bbyes\u00bb]<div class=\"wpb_text_column us_custom_6df4bc3a has_text_color\"><div class=\"wpb_wrapper\"><p style=\"text-align: center;\">hola@lacuevadebaco.com<\/p>\n<p style=\"text-align: center;\">722 588 075<\/p>\n<\/div><\/div><\/div><\/div><\/div><\/div><\/section>\n","protected":false},"excerpt":{"rendered":"[vc_custom_heading text=\"PROYECTO\" font_container=\"tag:h1|text_align:center|color:%23FFFFFF\" use_theme_fonts=\"yes\" css=\"%7B%22default%22%3A%7B%22font-size%22%3A%2242px%22%2C%22letter-spacing%22%3A%2215px%22%7D%7D\"] Un concepto de enoturismo de calidad con la recuperaci\u00f3n hist\u00f3rica de una cueva natural. Este es el punto de partida de un proyecto hist\u00f3rico art\u00edstico enfocado en el\u00a0 vino, el arte y la gastronom\u00eda \u00a0en Hond\u00f3n de las Nieves. CON\u00d3CENOS[vc_custom_heading text=\"VINOS\" font_container=\"tag:h1|text_align:center|color:%23FFFFFF\" use_theme_fonts=\"yes\" css=\"%7B%22default%22%3A%7B%22font-size%22%3A%2242px%22%2C%22letter-spacing%22%3A%2215px%22%7D%7D\"]Recuperamos conceptos de ayer para elaborar vinos...","protected":false},"author":1,"featured_media":0,"parent":0,"menu_order":0,"comment_status":"closed","ping_status":"closed","template":"","meta":{"footnotes":""},"class_list":["post-7","page","type-page","status-publish","hentry"],"_links":{"self":[{"href":"https:\/\/nifty-aryabhata.5-250-184-183.plesk.page\/index.php\/wp-json\/wp\/v2\/pages\/7","targetHints":{"allow":["GET"]}}],"collection":[{"href":"https:\/\/nifty-aryabhata.5-250-184-183.plesk.page\/index.php\/wp-json\/wp\/v2\/pages"}],"about":[{"href":"https:\/\/nifty-aryabhata.5-250-184-183.plesk.page\/index.php\/wp-json\/wp\/v2\/types\/page"}],"author":[{"embeddable":true,"href":"https:\/\/nifty-aryabhata.5-250-184-183.plesk.page\/index.php\/wp-json\/wp\/v2\/users\/1"}],"replies":[{"embeddable":true,"href":"https:\/\/nifty-aryabhata.5-250-184-183.plesk.page\/index.php\/wp-json\/wp\/v2\/comments?post=7"}],"version-history":[{"count":53,"href":"https:\/\/nifty-aryabhata.5-250-184-183.plesk.page\/index.php\/wp-json\/wp\/v2\/pages\/7\/revisions"}],"predecessor-version":[{"id":414,"href":"https:\/\/nifty-aryabhata.5-250-184-183.plesk.page\/index.php\/wp-json\/wp\/v2\/pages\/7\/revisions\/414"}],"wp:attachment":[{"href":"https:\/\/nifty-aryabhata.5-250-184-183.plesk.page\/index.php\/wp-json\/wp\/v2\/media?parent=7"}],"curies":[{"name":"wp","href":"https:\/\/api.w.org\/{rel}","templated":true}]}}